 -32 - (-2 + -5)?
-4
0 + 0 - (39 + -29) - -14
4
72 + -58 - ((-5 - -2) + (-10 - -8))
19
Evaluate 5 - -2 - (-5 + 1 + -1 + -12).
24
-11 + (2 + (7 - -7) - 8) - 6
-9
30 + (13 + -10 - 18)
15
Calculate (0 - 24) + (2 + -1 - (97 - 104)).
-16
(10 - 13) + 5 + -3 + -2 + 9
6
Calculate -23 - (1 + (-26 - -9)).
-7
What is the value of 9 - ((10 - 14) + 23 + (-6 - -5))?
-9
What is the value of -18 + (45 - (18 - 5))?
14
Evaluate (-28 - -20 - (24 + (-5 - -5))) + 3.
-29
What is the value of (66 - 74) + 1 + -1?
-8
What is 15 - -4 - 5 - 0?
14
What is (-11 - (-2 + 3)) + 18 + -10?
-4
What is the value of (-72 - -76) + 2 + 10?
16
(-35 - -29 - -21) + -31
-16
What is -4 - (-6 + 0 + (-13 - (-16 - -2)))?
1
-3 - (21 - 3) - (-142 + 148)
-27
70 + -54 + 3 + -1 + -7 + 0
11
Evaluate (7 - -10) + -8 + -17 + 20.
12
What is -1 - (4 - 9) - (-13 + 5)?
12
What is the value of (-5 + -4 - -2) + -13 + 10?
-10
-43 + (63 - 13) + -22 + 2 + 1
-12
What is the value of (9 - 1) + (59 - 78)?
-11
Evaluate -46 + 64 - (10 - 0) - (-9 - -1).
16
What is 3 + (3 - (4 - 3)) - (34 + -40)?
11
Calculate 18 + 24 + -25 - 32.
-15
What is the value of 7 - (7 + (-5 - (-13 - -5 - 1)))?
-4
What is the value of 35 + 22 + -52 - (10 - -1)?
-6
16 - 6 - (17 - -1)
-8
What is the value of 1 + -6 + 11 + 4?
10
What is 4 - (1 + (-4 - -2) + (3 - 4))?
6
5 - (5 - 3) - (2 + 0 + -1)
2
Evaluate ((-2 - -15) + (-2 - 5) - 22) + -1.
-17
(3 - -4) + (-18 - (-17 + 6)) + 27
27
4 + (20 - 26) + (9 - 2) + -3
2
(-5 - (-27 - -13)) + -39
-30
What is the value of -8 - ((1 - 31) + 28 + -9 + -14)?
17
Calculate 8 - (10 - 4) - -2.
4
-83 + 84 + 0 + 2 + 3 + -8
-2
Evaluate 10 + -20 + 13 - (0 - 7).
10
What is the value of -6099 - -6063 - (-12 + 0 - 1)?
-23
What is (3 - (-7 + 15) - (0 - -4)) + -20?
-29
Calculate (-16 - -12) + (-4 - 2) + (0 - -2).
-8
What is the value of (-10 - (3 + -1) - -22) + -5?
5
Calculate -2 + (-11 - -8 - -1 - 4 - 3).
-11
Calculate 1 + 0 + -52 + 43.
-8
Evaluate 9 + (-14 - -5) + -7.
-7
What is the value of -32 - (13 - (24 + -7)) - -10?
-18
What is 0 - -58 - (-436 + 466)?
28
What is -5 + (-1 - -14 - 8 - -11 - 5)?
6
Calculate 3 + (1 - 1) + -50 + 52 + -32.
-27
Evaluate 10 - ((22 - -12) + -9).
-15
(7 - (3 + -4)) + (34 - 34)
8
Calculate 1 + -2 + (17 - (3 + (-2 - -14))).
1
8 - ((-2 - -10 - 0) + -7)
7
What is -7 + 34 + 10 + -29?
8
Calculate (-2 - -16) + (-1 - 12 - (-14 - -7)).
8
What is (4 - -1) + 1 - (197 - 205)?
14
Evaluate -3 + (15 + -3 - 10).
-1
What is the value of (0 - (0 - -3) - 0) + -3 + -1?
-7
Evaluate -33 + 12 + -1 + 11.
-11
Evaluate -43 + 22 + (-18 - -50).
11
(-14 - 3) + (-19 - -30) - (-1 + 5)
-10
Calculate ((3 - 1) + 4 - (20 + -28)) + -8.
6
Evaluate -1 + 1 + -9 + (13 - 10) - -7.
1
What is the value of -7 - (-6 + (-1 - -1) - -9)?
-10
What is the value of 8 - (2 + -6 + 6 + 10)?
-4
Calculate 10 + -16 + (13 - 15).
-8
Evaluate -9 + (5 + 7 - 24) + 3 + -1.
-19
Calculate 2 + 1 + (-6 - 1) - (-10 - 4).
10
Calculate 27 - (15 - 45) - 31.
26
What is 18 + -15 + -13 - -31?
21
What is the value of 21 + 1 + 20 + -7 + (0 - 2)?
33
What is (38 - -1) + (0 - 22)?
17
What is the value of -42 + (2 + 6 - -9)?
-25
What is the value of -3 - 5 - (-16 - (-4 - 2))?
2
(-60 - -78) + 1 + -6 - 5
8
-1 + (-12 - -20) + -4
3
(7 - 22) + 11 - 23
-27
12 + (11 - 17 - -3)
9
What is the value of -6 - (-29 + 9 + 5)?
9
What is 2 - 3 - (-3 + (7 - 15) + 9)?
1
What is the value of 9 - (-26 + 33) - -12?
14
-9 + (-3 - (1 - -9)) + 45
23
Calculate 32 - ((3 - -14) + 29 + -39).
25
17 + -5 + -15 + 0 + 25 + -1
21
577 + -565 - ((-4 - -1) + -9 + 5)
19
Evaluate -12 + 9 + (-2 - 1).
-6
Calculate (66 - 27) + -7 - 20.
12
What is the value of -1 - (43 + -35 + 1 + -9 + 2)?
-3
What is -7 + 0 + -10 + 2 + 8 + 0?
-7
What is the value of -13 - (9 - (-15 - -24))?
-13
Calculate (8 - (2 - (-6 + -9))) + 21.
12
What is (24 - 3) + (-40 - -23)?
4
What is 1 + (-3 - 5 - (7 - (10 + 9)))?
5
Calculate (-14 - -6) + 0 + (-5 - -3).
-10
What is the value of (3 - 0) + (-11 - -13) + (-4 - -1)?
2
Calculate -22 - (-38 + 47) - -27.
-4
(1 - 3) + 5 + 63 + -77
-11
What is (-6 + 9 + (2 - -1) - -10) + -7?
9
What is -45 + 35 - (1 - 14) - (22 + -6)?
-13
What is 51 + (7 - 62) + 24 + -1?
19
Calculate 15 + (-18 - 6) + (-4 - (1 - -2)).
-16
What is 6 - (-3 - -6) - 0?
3
What is 2 + 0 - (-13 - -35 - 17) - -25?
22
Evaluate -13 + 2 - (-15 + 0 - -3).
1
Evaluate 20 - (9 + (13 - 11)).
9
What is 8 - (-10 + 14 + 0 + -8)?
12
What is (-2 + -5 - 1) + 10 + 1?
3
Calculate 13 - ((21 - 24) + (0 - -14)).
2
What is 2 + 1 + -2 + 1 + -6?
-4
Calculate (0 - -7) + (-8 + 6 - -9).
14
14 + -46 + 23 - 14
-23
What is the value of 7 - (-11 - 18 - -27)?
9
What is (-9 - -19) + 1 - 21?
-10
What is the value of -1 + 42 + (-2187 - -2154)?
8
Evaluate 16 - (2 - -6 - (-8 - -12)).
12
Evaluate (48 - 26) + 0 + -3 + -13.
6
15 - (-14 + (35 - 2))
-4
34 + -14 + -19 + -19
-18
What is the value of -2 + 4 + -103 + 82?
-19
What is 18 - (-4 + -2) - 13?
11
What is -11 - (-4 - (-7 + -1 + -11))?
-26
(1 - -4) + 17 + -20 + -2 + -32
-32
Calculate 2 + (-4 - -9) + -4 + 7.
10
Evaluate 29 - (-11 - -15 - -14).
11
What is 4 + (-7 - -3) + (-12 - -15)?
3
6 + (12 - 12) - (14 - 0 - -2)
-10
23 - (13 + -2 + -14 + -10)
36
Evaluate 28 + (9 - 19) + -4.
14
What is the value of 11 + (9 - -2 - 29 - 9)?
-16
What is the value of -37 - -12 - -45 - 49?
-29
What is -19 + (3 + -7 - -8) - (-5 + -2)?
-8
Evaluate (-3 - (-6 - -10)) + (-2 + 7 - 17).
-19
What is (-406 - -403) + (1 - 8)?
-10
Evaluate (-4 - -3) + -2 + -7 - (-3 - 0).
-7
What is 5 - -3 - (-11 + (19 - (19 + -12)))?
7
What is -2 + (1 - (4 + -7 - -1))?
1
Calculate (-29 - -35) + 7 + 6.
19
-30 - -36 - 21 - (19 + 0)
-34
What is -10 + -10 + -2 + (-5 - -14)?
-13
What is the value of (-603 - -607) + (1 + -16 + 0 - 0)?
-11
What is 1 - -6 - (209 + -177)?
-25
Evaluate 8 + -4 - (0 + 4 + 5 + -3).
-2
-37 + -4 + 1 + 286 + -272
-26
Calculate 20 - (63 + -75 - (-51 + 2)).
-17
What is (10 + (-14 - 2) - (0 + -2)) + 7?
3
What is the value of -35 - ((-10 - -14) + -11) - (1 + -1)?
-28
What is -11 - (4 - 9 - 9) - 32?
-29
What is the value of (10 - -1) + (-716 - -709)?
4
Evaluate 1 + -23 - (41 - (-17 - -65)).
-15
Evaluate 13 + 5 + 2 + -17.
3
Calculate (44 + -77 - -60) + (-4 - -2) + -2.
23
What is the value of (-13 - 6) + -3 + 12?
-10
What is the value of -25 + (33 - (26 - -10))?
-28
28 + -35 + 4 + (-8 - -1)
-10
Evaluate -6 + 2 + 2 + -8 - (79 + -74).
-15
17 + -26 + (18 - -4)
13
What is the value of 14 + (-15 - (-6 + 4 + -11))?
12
What is the value of (37 - 24) + (-2 - (-5 - -3))?
13
What is 10 - (-10 - -33 - -1) - 12?
-26
Evaluate (3 - -8 - 1) + -71 + 66.
5
What is -10 - -7 - (-1 + (1 - -13))?
-16
Calculate 1 - 0 - (-14 - -21) - 3.
-9
What is the value of (14 - 9 - (-10 - -2 - 5)) + 2?
20
2 - ((11 - 25) + 18 - (0 - -1))
-1
What is the value of (-3 + 0 - 0) + 5 - (5 - 11)?
8
Evaluate 2 + -6 + (5 - -8 - -10).
19
What is the value of 5 + 4 + (-20 - -8) + 2?
-1
What is the value of -10 + 4 + 0 + 104 + -107?
-9
8 - 16 - (-17 + 14 + -24)
19
What is the value of -8 + (16 - (0 + -5)) - 11?
2
What is (296 - 290) + -1 + 2 + -1 + 1?
7
(3 - (10 + 6 + -6)) + 28
21
(-4 - -5) + 9 + -22
-12
What is 21 + 14 + (-15 - -7) + -12?
15
-19 + 31 - 8 - 21
-17
Evaluate (-1 - 5 - 1) + 1 - (-833 - -840).
-13
What is the value of 30 + (136 - 146 - ((1 - 0) + 0))?
19
-2 + (-1 + -3 - -5) + -1 + -4
-6
Calculate (2 - (11 + 22)) + 25 + -33.
-39
What is -19 + (17 - (-6 + 4))?
0
What is the value of 9 + -1 - (-1203 + 1200)?
11
Calculate -15 + 15 - 7 - 8.
-15
Evaluate (-9 - (-4 - -7)) + -3 + -7 + 12.
-10
Calculate -21 - ((-2 - 3 - -9) + -3 + -10).
-12
Calculate (12 - 17) + (-4 - -18 - (0 + 2)).
7
What is the value of (-11 - (-5 - -12)) + 21?
3
What is the value of -2 - (-9 - -8) - 1?
-2
What is -3 - ((-7 - 1) + 4) - -3?
4
What is -21 + (8 - (7 + -5)) - -34?
19
Calculate 11 - (34 - (-27 + 68)).
18
What is (5 - 9) + 19 + 0 + -4?
11
What is -2 + -2 + -1 - (-1 + 39) - -12?
-31
What is (-16 - -37) + 13 + 4 + -14?
24
What is 13 + -14 + 32 + -16?
15
What is (-40 + 37 - (-8 + 2)) + 16?
19
Evaluate -27 + 0 - (17 + 20 + -47).
-17
What is (0 - -9 - 13) + 15 - -1?
12
What is the value of 455 - 448 - (-5 + 1 + 0)?
11
Evaluate 21 + (-91 - -93 - (1 + 3)).
19
What is (-4 - (3 - (12 + 0))) + (-2 - 11)?
-8
What is the value of -232 + 235 - (24 - -3)?
-24
What is the value of -15 + 42 + -23 - -11?
15
0 - 0 - -8 - (-95 + -37 + 1